{"id":107,"date":"2022-12-25T20:48:37","date_gmt":"2022-12-25T20:48:37","guid":{"rendered":"https:\/\/internationalfuneralservices.com.tr\/?page_id=107"},"modified":"2022-12-25T20:48:37","modified_gmt":"2022-12-25T20:48:37","slug":"uluslararasi-cenaze-nakli","status":"publish","type":"page","link":"https:\/\/internationalfuneralservices.com.tr\/index.php\/uluslararasi-cenaze-nakli\/","title":{"rendered":"Uluslararas\u0131 cenaze nakli"},"content":{"rendered":"\n<p>Cenaze nakli e\u011fer uluslar aras\u0131 cenaze nakil i\u015flemi ise cenazeyi IATA standartlar\u0131na uygun hale getiriyoruz ve u\u00e7ak ile naklini sa\u011fl\u0131yoruz. Firma olarak t\u00fcm \u00fclkelerin ve u\u00e7ak firmalar\u0131n\u0131n istedi\u011fi \u015fartlar\u0131 tamamen biliyor, cenaze nakil i\u015flemlerinizde gecikme olmadan en h\u0131zl\u0131 \u015fekilde tamaml\u0131yoruz.<\/p>\n\n\n<div class=\"wp-block-image\">\n<figure class=\"aligncenter size-full\"><img loading=\"lazy\" decoding=\"async\" width=\"950\" height=\"315\" src=\"https:\/\/internationalfuneralservices.com.tr\/wp-content\/uploads\/2022\/12\/gunal.png\" alt=\"\" class=\"wp-image-108\" srcset=\"https:\/\/internationalfuneralservices.com.tr\/wp-content\/uploads\/2022\/12\/gunal.png 950w, https:\/\/internationalfuneralservices.com.tr\/wp-content\/uploads\/2022\/12\/gunal-300x99.png 300w, https:\/\/internationalfuneralservices.com.tr\/wp-content\/uploads\/2022\/12\/gunal-768x255.png 768w\" sizes=\"auto, (max-width: 950px) 100vw, 950px\" \/><\/figure>\n<\/div>","protected":false},"excerpt":{"rendered":"<p>Cenaze nakli e\u011fer uluslar aras\u0131 cenaze nakil i\u015flemi ise cenazeyi IATA standartlar\u0131na uygun hale getiriyoruz ve u\u00e7ak ile naklini sa\u011fl\u0131yoruz. Firma olarak t\u00fcm \u00fclkelerin ve u\u00e7ak firmalar\u0131n\u0131n istedi\u011fi \u015fartlar\u0131 tamamen biliyor, cenaze nakil i\u015flemlerinizde gecikme olmadan en h\u0131zl\u0131 \u015fekilde tamaml\u0131yoruz.<\/p>\n","protected":false},"author":1,"featured_media":0,"parent":0,"menu_order":0,"comment_status":"closed","ping_status":"closed","template":"","meta":{"footnotes":""},"class_list":["post-107","page","type-page","status-publish","hentry"],"_links":{"self":[{"href":"https:\/\/internationalfuneralservices.com.tr\/index.php\/wp-json\/wp\/v2\/pages\/107","targetHints":{"allow":["GET"]}}],"collection":[{"href":"https:\/\/internationalfuneralservices.com.tr\/index.php\/wp-json\/wp\/v2\/pages"}],"about":[{"href":"https:\/\/internationalfuneralservices.com.tr\/index.php\/wp-json\/wp\/v2\/types\/page"}],"author":[{"embeddable":true,"href":"https:\/\/internationalfuneralservices.com.tr\/index.php\/wp-json\/wp\/v2\/users\/1"}],"replies":[{"embeddable":true,"href":"https:\/\/internationalfuneralservices.com.tr\/index.php\/wp-json\/wp\/v2\/comments?post=107"}],"version-history":[{"count":1,"href":"https:\/\/internationalfuneralservices.com.tr\/index.php\/wp-json\/wp\/v2\/pages\/107\/revisions"}],"predecessor-version":[{"id":109,"href":"https:\/\/internationalfuneralservices.com.tr\/index.php\/wp-json\/wp\/v2\/pages\/107\/revisions\/109"}],"wp:attachment":[{"href":"https:\/\/internationalfuneralservices.com.tr\/index.php\/wp-json\/wp\/v2\/media?parent=107"}],"curies":[{"name":"wp","href":"https:\/\/api.w.org\/{rel}","templated":true}]}}