{"id":114,"date":"2022-12-25T20:51:32","date_gmt":"2022-12-25T20:51:32","guid":{"rendered":"https:\/\/internationalfuneralservices.com.tr\/?page_id=114"},"modified":"2022-12-25T20:51:32","modified_gmt":"2022-12-25T20:51:32","slug":"iletisim","status":"publish","type":"page","link":"https:\/\/internationalfuneralservices.com.tr\/index.php\/iletisim\/","title":{"rendered":"\u0130leti\u015fim"},"content":{"rendered":"\n<p>A\u015fa\u011f\u0131da yer alan ileti\u015fim bilgilerimiz \u00fczerinden bizlere ula\u015fabilirsiniz. Alo cenaze hatt\u0131 numaram\u0131zda uzman ve deneyimli ki\u015filer sorular\u0131n\u0131z\u0131 yan\u0131tlamak i\u00e7in telefonlar\u0131n\u0131z\u0131 beklemektedir. Bizi aramaktan \u00e7ekinmeyin!<\/p>\n\n\n\n<figure class=\"wp-block-image size-full\"><img loading=\"lazy\" decoding=\"async\" width=\"950\" height=\"315\" src=\"https:\/\/internationalfuneralservices.com.tr\/wp-content\/uploads\/2022\/12\/gunal.png\" alt=\"\" class=\"wp-image-108\" srcset=\"https:\/\/internationalfuneralservices.com.tr\/wp-content\/uploads\/2022\/12\/gunal.png 950w, https:\/\/internationalfuneralservices.com.tr\/wp-content\/uploads\/2022\/12\/gunal-300x99.png 300w, https:\/\/internationalfuneralservices.com.tr\/wp-content\/uploads\/2022\/12\/gunal-768x255.png 768w\" sizes=\"auto, (max-width: 950px) 100vw, 950px\" \/><\/figure>\n","protected":false},"excerpt":{"rendered":"<p>A\u015fa\u011f\u0131da yer alan ileti\u015fim bilgilerimiz \u00fczerinden bizlere ula\u015fabilirsiniz. Alo cenaze hatt\u0131 numaram\u0131zda uzman ve deneyimli ki\u015filer sorular\u0131n\u0131z\u0131 yan\u0131tlamak i\u00e7in telefonlar\u0131n\u0131z\u0131 beklemektedir. Bizi aramaktan \u00e7ekinmeyin!<\/p>\n","protected":false},"author":1,"featured_media":0,"parent":0,"menu_order":0,"comment_status":"closed","ping_status":"closed","template":"","meta":{"footnotes":""},"class_list":["post-114","page","type-page","status-publish","hentry"],"_links":{"self":[{"href":"https:\/\/internationalfuneralservices.com.tr\/index.php\/wp-json\/wp\/v2\/pages\/114","targetHints":{"allow":["GET"]}}],"collection":[{"href":"https:\/\/internationalfuneralservices.com.tr\/index.php\/wp-json\/wp\/v2\/pages"}],"about":[{"href":"https:\/\/internationalfuneralservices.com.tr\/index.php\/wp-json\/wp\/v2\/types\/page"}],"author":[{"embeddable":true,"href":"https:\/\/internationalfuneralservices.com.tr\/index.php\/wp-json\/wp\/v2\/users\/1"}],"replies":[{"embeddable":true,"href":"https:\/\/internationalfuneralservices.com.tr\/index.php\/wp-json\/wp\/v2\/comments?post=114"}],"version-history":[{"count":1,"href":"https:\/\/internationalfuneralservices.com.tr\/index.php\/wp-json\/wp\/v2\/pages\/114\/revisions"}],"predecessor-version":[{"id":115,"href":"https:\/\/internationalfuneralservices.com.tr\/index.php\/wp-json\/wp\/v2\/pages\/114\/revisions\/115"}],"wp:attachment":[{"href":"https:\/\/internationalfuneralservices.com.tr\/index.php\/wp-json\/wp\/v2\/media?parent=114"}],"curies":[{"name":"wp","href":"https:\/\/api.w.org\/{rel}","templated":true}]}}